{"id":97,"date":"2022-12-17T21:03:15","date_gmt":"2022-12-17T20:03:15","guid":{"rendered":"https:\/\/www.vytvorenolaskou.cz\/?page_id=97"},"modified":"2024-02-09T15:08:09","modified_gmt":"2024-02-09T14:08:09","slug":"svatebni-grafika","status":"publish","type":"page","link":"https:\/\/www.vytvorenolaskou.cz\/index.php\/graficky-design\/svatebni-grafika\/","title":{"rendered":"Svatebn\u00ed grafika"},"content":{"rendered":"\n<p>R\u00e1da pro V\u00e1s vytvo\u0159\u00edm origin\u00e1ln\u00ed svatebn\u00ed ozn\u00e1men\u00ed a&nbsp;dal\u0161\u00ed tiskoviny, jako nap\u0159\u00edklad pozv\u00e1nky ke svatebn\u00edmu stolu, jmenovky, zasedac\u00ed po\u0159\u00e1dek, svatebn\u00ed menu, etikety na lahve, pod\u011bkov\u00e1n\u00ed, svatebn\u00ed noviny.<\/p>\n\n\n\n<p>Pro v\u00fdb\u011br svatebn\u00edch tiskovin ze \u0161ablony budete moct brzy vyu\u017e\u00edt n\u00e1\u0161 <strong>e-shop<\/strong>.<\/p>\n","protected":false},"excerpt":{"rendered":"<p>R\u00e1da pro V\u00e1s vytvo\u0159\u00edm origin\u00e1ln\u00ed svatebn\u00ed ozn\u00e1men\u00ed a&nbsp;dal\u0161\u00ed tiskoviny, jako nap\u0159\u00edklad pozv\u00e1nky ke svatebn\u00edmu stolu, jmenovky, zasedac\u00ed po\u0159\u00e1dek, svatebn\u00ed menu, etikety na lahve, pod\u011bkov\u00e1n\u00ed, svatebn\u00ed noviny. Pro v\u00fdb\u011br svatebn\u00edch tiskovin ze \u0161ablony budete moct brzy vyu\u017e\u00edt n\u00e1\u0161 e-shop.<\/p>\n","protected":false},"author":1,"featured_media":121,"parent":9,"menu_order":1,"comment_status":"closed","ping_status":"closed","template":"","meta":{"wp_typography_post_enhancements_disabled":false,"footnotes":""},"tags":[],"class_list":["post-97","page","type-page","status-publish","has-post-thumbnail","hentry"],"_links":{"self":[{"href":"https:\/\/www.vytvorenolaskou.cz\/index.php\/wp-json\/wp\/v2\/pages\/97","targetHints":{"allow":["GET"]}}],"collection":[{"href":"https:\/\/www.vytvorenolaskou.cz\/index.php\/wp-json\/wp\/v2\/pages"}],"about":[{"href":"https:\/\/www.vytvorenolaskou.cz\/index.php\/wp-json\/wp\/v2\/types\/page"}],"author":[{"embeddable":true,"href":"https:\/\/www.vytvorenolaskou.cz\/index.php\/wp-json\/wp\/v2\/users\/1"}],"replies":[{"embeddable":true,"href":"https:\/\/www.vytvorenolaskou.cz\/index.php\/wp-json\/wp\/v2\/comments?post=97"}],"version-history":[{"count":3,"href":"https:\/\/www.vytvorenolaskou.cz\/index.php\/wp-json\/wp\/v2\/pages\/97\/revisions"}],"predecessor-version":[{"id":838,"href":"https:\/\/www.vytvorenolaskou.cz\/index.php\/wp-json\/wp\/v2\/pages\/97\/revisions\/838"}],"up":[{"embeddable":true,"href":"https:\/\/www.vytvorenolaskou.cz\/index.php\/wp-json\/wp\/v2\/pages\/9"}],"wp:featuredmedia":[{"embeddable":true,"href":"https:\/\/www.vytvorenolaskou.cz\/index.php\/wp-json\/wp\/v2\/media\/121"}],"wp:attachment":[{"href":"https:\/\/www.vytvorenolaskou.cz\/index.php\/wp-json\/wp\/v2\/media?parent=97"}],"wp:term":[{"taxonomy":"post_tag","embeddable":true,"href":"https:\/\/www.vytvorenolaskou.cz\/index.php\/wp-json\/wp\/v2\/tags?post=97"}],"curies":[{"name":"wp","href":"https:\/\/api.w.org\/{rel}","templated":true}]}}