{"id":526,"date":"2024-02-04T19:44:50","date_gmt":"2024-02-04T18:44:50","guid":{"rendered":"https:\/\/www.vytvorenolaskou.cz\/?page_id=526"},"modified":"2024-02-09T15:13:56","modified_gmt":"2024-02-09T14:13:56","slug":"jana-frantisek","status":"publish","type":"page","link":"https:\/\/www.vytvorenolaskou.cz\/index.php\/svatebni-pribehy\/jana-frantisek\/","title":{"rendered":"Jana &amp;&nbsp;Franti\u0161ek"},"content":{"rendered":"\n<p>Svatba dvou usm\u011bvav\u00fdch lid\u00ed v&nbsp;Chr\u00e1\u0161\u0165anech byla obklopena l\u00e1skou a&nbsp;\u0161t\u011bst\u00edm od za\u010d\u00e1tku do konce. P\u0159i ob\u0159adu n\u00e1m spadlo na zahrad\u011b p\u00e1r kapek, pot\u00e9 si mohli v\u0161ichni vychutn\u00e1vat l\u00edbezn\u00e9 zvuky cimb\u00e1lovky a\u017e&nbsp; z&nbsp;Moravy. Jeliko\u017e de\u0161tiv\u00e9 po\u010das\u00ed neumo\u017enilo b\u00fdt v\u00edce venku, zvl\u00e1dli jsme b\u00fdt skoro celou akci schovan\u00ed uvnit\u0159 kr\u00e1sn\u00e9 stodoly. No a&nbsp;nakonec n\u00e1s v\u0161echny uchv\u00e1tila ve\u010dern\u00ed kapela.<\/p>\n","protected":false},"excerpt":{"rendered":"<p>Svatba dvou usm\u011bvav\u00fdch lid\u00ed v&nbsp;Chr\u00e1\u0161\u0165anech byla obklopena l\u00e1skou a&nbsp;\u0161t\u011bst\u00edm od za\u010d\u00e1tku do konce. P\u0159i ob\u0159adu n\u00e1m spadlo na zahrad\u011b p\u00e1r kapek, pot\u00e9 si mohli v\u0161ichni vychutn\u00e1vat l\u00edbezn\u00e9 zvuky cimb\u00e1lovky a\u017e&nbsp; z&nbsp;Moravy. Jeliko\u017e de\u0161tiv\u00e9 po\u010das\u00ed neumo\u017enilo b\u00fdt v\u00edce venku, zvl\u00e1dli jsme b\u00fdt skoro celou akci schovan\u00ed uvnit\u0159 kr\u00e1sn\u00e9 stodoly. No a&nbsp;nakonec n\u00e1s v\u0161echny uchv\u00e1tila ve\u010dern\u00ed kapela.<\/p>\n","protected":false},"author":2,"featured_media":527,"parent":332,"menu_order":3,"comment_status":"closed","ping_status":"closed","template":"page_template_sidetop.php","meta":{"wp_typography_post_enhancements_disabled":false,"footnotes":""},"tags":[9],"class_list":["post-526","page","type-page","status-publish","has-post-thumbnail","hentry","tag-staroceska-stodola-chrastany"],"_links":{"self":[{"href":"https:\/\/www.vytvorenolaskou.cz\/index.php\/wp-json\/wp\/v2\/pages\/526","targetHints":{"allow":["GET"]}}],"collection":[{"href":"https:\/\/www.vytvorenolaskou.cz\/index.php\/wp-json\/wp\/v2\/pages"}],"about":[{"href":"https:\/\/www.vytvorenolaskou.cz\/index.php\/wp-json\/wp\/v2\/types\/page"}],"author":[{"embeddable":true,"href":"https:\/\/www.vytvorenolaskou.cz\/index.php\/wp-json\/wp\/v2\/users\/2"}],"replies":[{"embeddable":true,"href":"https:\/\/www.vytvorenolaskou.cz\/index.php\/wp-json\/wp\/v2\/comments?post=526"}],"version-history":[{"count":1,"href":"https:\/\/www.vytvorenolaskou.cz\/index.php\/wp-json\/wp\/v2\/pages\/526\/revisions"}],"predecessor-version":[{"id":529,"href":"https:\/\/www.vytvorenolaskou.cz\/index.php\/wp-json\/wp\/v2\/pages\/526\/revisions\/529"}],"up":[{"embeddable":true,"href":"https:\/\/www.vytvorenolaskou.cz\/index.php\/wp-json\/wp\/v2\/pages\/332"}],"wp:featuredmedia":[{"embeddable":true,"href":"https:\/\/www.vytvorenolaskou.cz\/index.php\/wp-json\/wp\/v2\/media\/527"}],"wp:attachment":[{"href":"https:\/\/www.vytvorenolaskou.cz\/index.php\/wp-json\/wp\/v2\/media?parent=526"}],"wp:term":[{"taxonomy":"post_tag","embeddable":true,"href":"https:\/\/www.vytvorenolaskou.cz\/index.php\/wp-json\/wp\/v2\/tags?post=526"}],"curies":[{"name":"wp","href":"https:\/\/api.w.org\/{rel}","templated":true}]}}

Jana &amp;&nbsp;František

<p>Svatba dvou usměvavých lidí v&nbsp;Chrášťanech byla obklopena láskou a&nbsp;štěstím od začátku do konce. Při obřadu nám spadlo na zahradě pár kapek, poté si mohli všichni vychutnávat líbezné zvuky cimbálovky až&nbsp; z&nbsp;Moravy. Jelikož deštivé počasí neumožnilo být více venku, zvládli jsme být skoro celou akci schovaní uvnitř krásné stodoly. No a&nbsp;nakonec nás všechny uchvátila večerní kapela.</p>
