{"id":42,"date":"2022-12-17T17:12:36","date_gmt":"2022-12-17T16:12:36","guid":{"rendered":"https:\/\/www.vytvorenolaskou.cz\/?page_id=42"},"modified":"2024-02-04T20:19:51","modified_gmt":"2024-02-04T19:19:51","slug":"predstavy","status":"publish","type":"page","link":"https:\/\/www.vytvorenolaskou.cz\/index.php\/svatebni-fotografie\/predstavy\/","title":{"rendered":"P\u0159edstavy"},"content":{"rendered":"\n<p>Pokud se v\u00e1m zal\u00edbil n\u00e1\u0161 rukopis, ur\u010dit\u011b n\u00e1m napi\u0161te a&nbsp;v\u0161e individu\u00e1ln\u011b dolad\u00edme. Va\u0161\u00ed p\u0159edstavu n\u00e1m m\u016f\u017eete v&nbsp;kr\u00e1tkosti napsat, nebo m\u016f\u017eeme v\u0161e probrat na p\u0159edsvatebn\u00ed sch\u016fzce nap\u0159. u&nbsp;dobr\u00e9 k\u00e1vy. Dal\u0161\u00ed varianta je tak\u00e9 zasl\u00e1n\u00ed na\u0161\u00ed p\u0159edsvatebn\u00ed prezentace, kde si z&nbsp;pohodl\u00ed domova m\u016f\u017eete proj\u00edt ty nejz\u00e1kladn\u011bj\u0161\u00ed informace, jak ke svatb\u00e1m p\u0159istupujeme a&nbsp;co v\u0161e pro V\u00e1s vytvo\u0159\u00edme.<\/p>\n","protected":false},"excerpt":{"rendered":"<p>Pokud se v\u00e1m zal\u00edbil n\u00e1\u0161 rukopis, ur\u010dit\u011b n\u00e1m napi\u0161te a&nbsp;v\u0161e individu\u00e1ln\u011b dolad\u00edme. Va\u0161\u00ed p\u0159edstavu n\u00e1m m\u016f\u017eete v&nbsp;kr\u00e1tkosti napsat, nebo m\u016f\u017eeme v\u0161e probrat na p\u0159edsvatebn\u00ed sch\u016fzce nap\u0159. u&nbsp;dobr\u00e9 k\u00e1vy. Dal\u0161\u00ed varianta je tak\u00e9 zasl\u00e1n\u00ed na\u0161\u00ed p\u0159edsvatebn\u00ed prezentace, kde si z&nbsp;pohodl\u00ed domova m\u016f\u017eete proj\u00edt ty nejz\u00e1kladn\u011bj\u0161\u00ed informace, jak ke svatb\u00e1m p\u0159istupujeme a&nbsp;co v\u0161e pro V\u00e1s vytvo\u0159\u00edme.<\/p>\n","protected":false},"author":1,"featured_media":43,"parent":11,"menu_order":1,"comment_status":"closed","ping_status":"closed","template":"","meta":{"wp_typography_post_enhancements_disabled":false,"footnotes":""},"tags":[],"class_list":["post-42","page","type-page","status-publish","has-post-thumbnail","hentry"],"_links":{"self":[{"href":"https:\/\/www.vytvorenolaskou.cz\/index.php\/wp-json\/wp\/v2\/pages\/42","targetHints":{"allow":["GET"]}}],"collection":[{"href":"https:\/\/www.vytvorenolaskou.cz\/index.php\/wp-json\/wp\/v2\/pages"}],"about":[{"href":"https:\/\/www.vytvorenolaskou.cz\/index.php\/wp-json\/wp\/v2\/types\/page"}],"author":[{"embeddable":true,"href":"https:\/\/www.vytvorenolaskou.cz\/index.php\/wp-json\/wp\/v2\/users\/1"}],"replies":[{"embeddable":true,"href":"https:\/\/www.vytvorenolaskou.cz\/index.php\/wp-json\/wp\/v2\/comments?post=42"}],"version-history":[{"count":4,"href":"https:\/\/www.vytvorenolaskou.cz\/index.php\/wp-json\/wp\/v2\/pages\/42\/revisions"}],"predecessor-version":[{"id":596,"href":"https:\/\/www.vytvorenolaskou.cz\/index.php\/wp-json\/wp\/v2\/pages\/42\/revisions\/596"}],"up":[{"embeddable":true,"href":"https:\/\/www.vytvorenolaskou.cz\/index.php\/wp-json\/wp\/v2\/pages\/11"}],"wp:featuredmedia":[{"embeddable":true,"href":"https:\/\/www.vytvorenolaskou.cz\/index.php\/wp-json\/wp\/v2\/media\/43"}],"wp:attachment":[{"href":"https:\/\/www.vytvorenolaskou.cz\/index.php\/wp-json\/wp\/v2\/media?parent=42"}],"wp:term":[{"taxonomy":"post_tag","embeddable":true,"href":"https:\/\/www.vytvorenolaskou.cz\/index.php\/wp-json\/wp\/v2\/tags?post=42"}],"curies":[{"name":"wp","href":"https:\/\/api.w.org\/{rel}","templated":true}]}}