{"id":34,"date":"2022-12-17T17:07:51","date_gmt":"2022-12-17T16:07:51","guid":{"rendered":"https:\/\/www.vytvorenolaskou.cz\/?page_id=34"},"modified":"2024-02-04T20:37:41","modified_gmt":"2024-02-04T19:37:41","slug":"fotograficke-sluzby","status":"publish","type":"page","link":"https:\/\/www.vytvorenolaskou.cz\/index.php\/fotografie\/fotograficke-sluzby\/","title":{"rendered":"Fotografick\u00e9 slu\u017eby"},"content":{"rendered":"\n<p>R\u00e1d s&nbsp;v\u00e1mi napl\u00e1nuji nejr\u016fzn\u011bj\u0161\u00ed focen\u00ed, od samostatn\u00fdch portr\u00e9t\u016f a\u017e k&nbsp;p\u00e1rov\u00e9mu, \u010di rodinn\u00e9mu focen\u00ed s&nbsp;d\u011btmi. Pokud sh\u00e1n\u00edte n\u011bkoho na lifestyle \u010di komer\u010dn\u00ed fotografie, zajist\u00e9 spolu vytvo\u0159\u00edme jedine\u010dn\u00e9 \u00fasp\u011b\u0161n\u00e9 sn\u00edmky.&nbsp;\u2028<\/p>\n\n\n\n<p><br>Za sv\u016fj \u00fakol si neberu pouze v\u00e1s vyfotografovat, ale b\u00fdt v\u00e1m n\u00e1pomocen ve v\u0161ech sm\u011brech. Dok\u00e1\u017eu pomoct s&nbsp;v\u00fdb\u011brem vhodn\u00e9ho oble\u010den\u00ed, spr\u00e1vn\u00e9 lokace, poradit s&nbsp;nejmen\u0161\u00edmi detaily a&nbsp;p\u0159edev\u0161\u00edm navodit p\u0159\u00edjemnou atmosf\u00e9ru.<\/p>\n","protected":false},"excerpt":{"rendered":"<p>R\u00e1d s&nbsp;v\u00e1mi napl\u00e1nuji nejr\u016fzn\u011bj\u0161\u00ed focen\u00ed, od samostatn\u00fdch portr\u00e9t\u016f a\u017e k&nbsp;p\u00e1rov\u00e9mu, \u010di rodinn\u00e9mu focen\u00ed s&nbsp;d\u011btmi. Pokud sh\u00e1n\u00edte n\u011bkoho na lifestyle \u010di komer\u010dn\u00ed fotografie, zajist\u00e9 spolu vytvo\u0159\u00edme jedine\u010dn\u00e9 \u00fasp\u011b\u0161n\u00e9 sn\u00edmky.&nbsp;\u2028 Za sv\u016fj \u00fakol si neberu pouze v\u00e1s vyfotografovat, ale b\u00fdt v\u00e1m n\u00e1pomocen ve v\u0161ech sm\u011brech. Dok\u00e1\u017eu pomoct s&nbsp;v\u00fdb\u011brem vhodn\u00e9ho oble\u010den\u00ed, spr\u00e1vn\u00e9 lokace, poradit s&nbsp;nejmen\u0161\u00edmi detaily a&nbsp;p\u0159edev\u0161\u00edm navodit [\u2026]<\/p>\n","protected":false},"author":1,"featured_media":610,"parent":7,"menu_order":2,"comment_status":"closed","ping_status":"closed","template":"","meta":{"wp_typography_post_enhancements_disabled":false,"footnotes":""},"tags":[],"class_list":["post-34","page","type-page","status-publish","has-post-thumbnail","hentry"],"_links":{"self":[{"href":"https:\/\/www.vytvorenolaskou.cz\/index.php\/wp-json\/wp\/v2\/pages\/34","targetHints":{"allow":["GET"]}}],"collection":[{"href":"https:\/\/www.vytvorenolaskou.cz\/index.php\/wp-json\/wp\/v2\/pages"}],"about":[{"href":"https:\/\/www.vytvorenolaskou.cz\/index.php\/wp-json\/wp\/v2\/types\/page"}],"author":[{"embeddable":true,"href":"https:\/\/www.vytvorenolaskou.cz\/index.php\/wp-json\/wp\/v2\/users\/1"}],"replies":[{"embeddable":true,"href":"https:\/\/www.vytvorenolaskou.cz\/index.php\/wp-json\/wp\/v2\/comments?post=34"}],"version-history":[{"count":3,"href":"https:\/\/www.vytvorenolaskou.cz\/index.php\/wp-json\/wp\/v2\/pages\/34\/revisions"}],"predecessor-version":[{"id":612,"href":"https:\/\/www.vytvorenolaskou.cz\/index.php\/wp-json\/wp\/v2\/pages\/34\/revisions\/612"}],"up":[{"embeddable":true,"href":"https:\/\/www.vytvorenolaskou.cz\/index.php\/wp-json\/wp\/v2\/pages\/7"}],"wp:featuredmedia":[{"embeddable":true,"href":"https:\/\/www.vytvorenolaskou.cz\/index.php\/wp-json\/wp\/v2\/media\/610"}],"wp:attachment":[{"href":"https:\/\/www.vytvorenolaskou.cz\/index.php\/wp-json\/wp\/v2\/media?parent=34"}],"wp:term":[{"taxonomy":"post_tag","embeddable":true,"href":"https:\/\/www.vytvorenolaskou.cz\/index.php\/wp-json\/wp\/v2\/tags?post=34"}],"curies":[{"name":"wp","href":"https:\/\/api.w.org\/{rel}","templated":true}]}}