{"id":328,"date":"2023-01-06T15:47:35","date_gmt":"2023-01-06T14:47:35","guid":{"rendered":"https:\/\/www.vytvorenolaskou.cz\/?page_id=328"},"modified":"2024-02-04T20:18:05","modified_gmt":"2024-02-04T19:18:05","slug":"svatebni-balicky","status":"publish","type":"page","link":"https:\/\/www.vytvorenolaskou.cz\/index.php\/svatebni-fotografie\/svatebni-balicky\/","title":{"rendered":"Svatebn\u00ed bal\u00ed\u010dky"},"content":{"rendered":"\n<p>Ka\u017ed\u00e1 svatba je jedine\u010dn\u00e1 a&nbsp;origin\u00e1ln\u00ed, a&nbsp;tak k&nbsp;n\u00ed i&nbsp;p\u0159istupuji. Proto jsou m\u00e9 ceny uvedeny jako orienta\u010dn\u00ed. Pokud se za V\u00e1mi vyprav\u00edm na vzd\u00e1len\u011bj\u0161\u00ed m\u00edsta, po\u017e\u00e1d\u00e1m v\u00e1s zajist\u00e9 o&nbsp;n\u00e1klady spojen\u00e9 s&nbsp;cestou. V&nbsp;nej\u017e\u00e1dan\u011bj\u0161\u00edch svatebn\u00edch term\u00ednech fot\u00edm pouze p\u016fldenn\u00ed a&nbsp;celodenn\u00ed svatby.<\/p>\n\n\n\n<div class=\"wp-block-columns is-layout-flex wp-container-core-columns-is-layout-9d6595d7 wp-block-columns-is-layout-flex\">\n<div class=\"wp-block-column is-layout-flow wp-block-column-is-layout-flow\">\n<h3 class=\"wp-block-heading\">p\u016fldenn\u00ed<\/h3>\n\n\n\n<h2 class=\"wp-block-heading\">Od 20.000 K\u010d<\/h2>\n\n\n\n<p>To nejd\u016fle\u017eit\u011bj\u0161\u00ed z&nbsp;Va\u0161eho dne<\/p>\n\n\n\n<p>a\u017e 8&nbsp;hodin focen\u00ed<\/p>\n\n\n\n<p>+- 300 fotografi\u00ed<\/p>\n\n\n\n<p>p\u0159edsvatebn\u00ed focen\u00ed se slevou<\/p>\n\n\n\n<p>zap\u016fj\u010den\u00ed polaroidu zdarma<\/p>\n\n\n\n<p>krabi\u010dka s&nbsp;flash diskem<\/p>\n\n\n\n<p>30 ti\u0161t\u011bn\u00fdch fotografi\u00ed v&nbsp;d\u00e1rkov\u00e9m balen\u00ed<\/p>\n\n\n\n<p>USB se v\u0161emi upraven\u00fdmi fotografiemi<\/p>\n\n\n\n<p>online galerie se v\u0161emi upraven\u00fdmi fotografiemi<\/p>\n<\/div>\n\n\n\n<div class=\"wp-block-column is-layout-flow wp-block-column-is-layout-flow\">\n<h3 class=\"wp-block-heading\">celodenn\u00ed<\/h3>\n\n\n\n<h2 class=\"wp-block-heading\">Od 24.000 K\u010d<\/h2>\n\n\n\n<p>Zachyt\u00edm v\u0161e od Va\u0161ich p\u0159\u00edprav<br>a\u017e po z\u00e1bavu<\/p>\n\n\n\n<p>a\u017e 14 hodin focen\u00ed<\/p>\n\n\n\n<p>+- 600 fotografi\u00ed<\/p>\n\n\n\n<p>p\u0159edsvatebn\u00ed focen\u00ed s&nbsp;50% slevou<\/p>\n\n\n\n<p>zap\u016fj\u010den\u00ed polaroidu zdarma<\/p>\n\n\n\n<p>50 ti\u0161t\u011bn\u00fdch fotografi\u00ed v&nbsp;d\u00e1rkov\u00e9m balen\u00ed<\/p>\n\n\n\n<p>USB se v\u0161emi upraven\u00fdmi fotografiemi<\/p>\n\n\n\n<p>online galerie se v\u0161emi upraven\u00fdmi fotografiemi<\/p>\n<\/div>\n<\/div>\n","protected":false},"excerpt":{"rendered":"<p>Ka\u017ed\u00e1 svatba je jedine\u010dn\u00e1 a&nbsp;origin\u00e1ln\u00ed, a&nbsp;tak k&nbsp;n\u00ed i&nbsp;p\u0159istupuji. Proto jsou m\u00e9 ceny uvedeny jako orienta\u010dn\u00ed. Pokud se za V\u00e1mi vyprav\u00edm na vzd\u00e1len\u011bj\u0161\u00ed m\u00edsta, po\u017e\u00e1d\u00e1m v\u00e1s zajist\u00e9 o&nbsp;n\u00e1klady spojen\u00e9 s&nbsp;cestou. V&nbsp;nej\u017e\u00e1dan\u011bj\u0161\u00edch svatebn\u00edch term\u00ednech fot\u00edm pouze p\u016fldenn\u00ed a&nbsp;celodenn\u00ed svatby. p\u016fldenn\u00ed Od 20.000 K\u010d To nejd\u016fle\u017eit\u011bj\u0161\u00ed z&nbsp;Va\u0161eho dne a\u017e 8&nbsp;hodin focen\u00ed +- 300 fotografi\u00ed p\u0159edsvatebn\u00ed focen\u00ed se slevou [\u2026]<\/p>\n","protected":false},"author":1,"featured_media":0,"parent":11,"menu_order":4,"comment_status":"closed","ping_status":"closed","template":"page_template_center.php","meta":{"wp_typography_post_enhancements_disabled":false,"footnotes":""},"tags":[],"class_list":["post-328","page","type-page","status-publish","hentry"],"_links":{"self":[{"href":"https:\/\/www.vytvorenolaskou.cz\/index.php\/wp-json\/wp\/v2\/pages\/328","targetHints":{"allow":["GET"]}}],"collection":[{"href":"https:\/\/www.vytvorenolaskou.cz\/index.php\/wp-json\/wp\/v2\/pages"}],"about":[{"href":"https:\/\/www.vytvorenolaskou.cz\/index.php\/wp-json\/wp\/v2\/types\/page"}],"author":[{"embeddable":true,"href":"https:\/\/www.vytvorenolaskou.cz\/index.php\/wp-json\/wp\/v2\/users\/1"}],"replies":[{"embeddable":true,"href":"https:\/\/www.vytvorenolaskou.cz\/index.php\/wp-json\/wp\/v2\/comments?post=328"}],"version-history":[{"count":4,"href":"https:\/\/www.vytvorenolaskou.cz\/index.php\/wp-json\/wp\/v2\/pages\/328\/revisions"}],"predecessor-version":[{"id":592,"href":"https:\/\/www.vytvorenolaskou.cz\/index.php\/wp-json\/wp\/v2\/pages\/328\/revisions\/592"}],"up":[{"embeddable":true,"href":"https:\/\/www.vytvorenolaskou.cz\/index.php\/wp-json\/wp\/v2\/pages\/11"}],"wp:attachment":[{"href":"https:\/\/www.vytvorenolaskou.cz\/index.php\/wp-json\/wp\/v2\/media?parent=328"}],"wp:term":[{"taxonomy":"post_tag","embeddable":true,"href":"https:\/\/www.vytvorenolaskou.cz\/index.php\/wp-json\/wp\/v2\/tags?post=328"}],"curies":[{"name":"wp","href":"https:\/\/api.w.org\/{rel}","templated":true}]}}

Svatební balíčky

<p>Každá svatba je jedinečná a&nbsp;originální, a&nbsp;tak k&nbsp;ní i&nbsp;přistupuji. Proto jsou mé ceny uvedeny jako orientační. Pokud se za Vámi vypravím na vzdálenější místa, požádám vás zajisté o&nbsp;náklady spojené s&nbsp;cestou. V&nbsp;nejžádanějších svatebních termínech fotím pouze půldenní a&nbsp;celodenní svatby.</p>



<div class="wp-block-columns is-layout-flex wp-container-core-columns-is-layout-9d6595d7 wp-block-columns-is-layout-flex">
<div class="wp-block-column is-layout-flow wp-block-column-is-layout-flow">
<h3 class="wp-block-heading">půldenní</h3>



<h2 class="wp-block-heading">Od 20.000 Kč</h2>



<p>To nejdůležitější z&nbsp;Vašeho dne</p>



<p>až 8&nbsp;hodin focení</p>



<p>+- 300 fotografií</p>



<p>předsvatební focení se slevou</p>



<p>zapůjčení polaroidu zdarma</p>



<p>krabička s&nbsp;flash diskem</p>



<p>30 tištěných fotografií v&nbsp;dárkovém balení</p>



<p>USB se všemi upravenými fotografiemi</p>



<p>online galerie se všemi upravenými fotografiemi</p>
</div>



<div class="wp-block-column is-layout-flow wp-block-column-is-layout-flow">
<h3 class="wp-block-heading">celodenní</h3>



<h2 class="wp-block-heading">Od 24.000 Kč</h2>



<p>Zachytím vše od Vašich příprav<br>až po zábavu</p>



<p>až 14 hodin focení</p>



<p>+- 600 fotografií</p>



<p>předsvatební focení s&nbsp;50% slevou</p>



<p>zapůjčení polaroidu zdarma</p>



<p>50 tištěných fotografií v&nbsp;dárkovém balení</p>



<p>USB se všemi upravenými fotografiemi</p>



<p>online galerie se všemi upravenými fotografiemi</p>
</div>
</div>

<p>Každá svatba je jedinečná a&nbsp;originální, a&nbsp;tak k&nbsp;ní i&nbsp;přistupuji. Proto jsou mé ceny uvedeny jako orientační. Pokud se za Vámi vypravím na vzdálenější místa, požádám vás zajisté o&nbsp;náklady spojené s&nbsp;cestou. V&nbsp;nejžádanějších svatebních termínech fotím pouze půldenní a&nbsp;celodenní svatby. půldenní Od 20.000 Kč To nejdůležitější z&nbsp;Vašeho dne až 8&nbsp;hodin focení +- 300 fotografií předsvatební focení se slevou […]</p>
