{"id":312,"date":"2023-01-03T17:24:03","date_gmt":"2023-01-03T16:24:03","guid":{"rendered":"https:\/\/www.vytvorenolaskou.cz\/?page_id=312"},"modified":"2023-01-14T15:21:20","modified_gmt":"2023-01-14T14:21:20","slug":"simca-honza","status":"publish","type":"page","link":"https:\/\/www.vytvorenolaskou.cz\/index.php\/svatebni-pribehy\/simca-honza\/","title":{"rendered":"Sim\u010da &amp;&nbsp;Honza"},"content":{"rendered":"\n<p>Jen p\u00e1r dn\u00ed p\u0159ed svatbou mi p\u0159i\u0161la zpr\u00e1va, jestli bych si necht\u011bl ud\u011blat v\u00fdlet na jednu malou tajnou svatbu do Krkono\u0161. Kouknul jsem do kalend\u00e1\u0159e, a&nbsp;jeliko\u017e \u0161lo pouze o&nbsp;focen\u00ed ob\u0159adu na cca 2&nbsp;hodinky, nev\u00e1hal jsem, domluvili jsme v\u0161echny detaily a&nbsp;za p\u00e1r dn\u00ed jsem vyr\u00e1\u017eel. Kr\u00e1sn\u00fd ob\u0159ad v&nbsp;tak n\u00e1dhern\u00e9 krajin\u011b, s&nbsp;t\u011bmi nejbli\u017e\u0161\u00edmi, bez \u017e\u00e1dn\u00e9ho stresu a&nbsp;s velkou lehkost\u00ed.<\/p>\n","protected":false},"excerpt":{"rendered":"<p>Jen p\u00e1r dn\u00ed p\u0159ed svatbou mi p\u0159i\u0161la zpr\u00e1va, jestli bych si necht\u011bl ud\u011blat v\u00fdlet na jednu malou tajnou svatbu do Krkono\u0161. Kouknul jsem do kalend\u00e1\u0159e, a&nbsp;jeliko\u017e \u0161lo pouze o&nbsp;focen\u00ed ob\u0159adu na cca 2&nbsp;hodinky, nev\u00e1hal jsem, domluvili jsme v\u0161echny detaily a&nbsp;za p\u00e1r dn\u00ed jsem vyr\u00e1\u017eel. Kr\u00e1sn\u00fd ob\u0159ad v&nbsp;tak n\u00e1dhern\u00e9 krajin\u011b, s&nbsp;t\u011bmi nejbli\u017e\u0161\u00edmi, bez \u017e\u00e1dn\u00e9ho stresu a&nbsp;s [\u2026]<\/p>\n","protected":false},"author":1,"featured_media":181,"parent":332,"menu_order":8,"comment_status":"closed","ping_status":"closed","template":"page_template_sidetop.php","meta":{"wp_typography_post_enhancements_disabled":false,"footnotes":""},"tags":[6],"class_list":["post-312","page","type-page","status-publish","has-post-thumbnail","hentry","tag-krkonose"],"_links":{"self":[{"href":"https:\/\/www.vytvorenolaskou.cz\/index.php\/wp-json\/wp\/v2\/pages\/312","targetHints":{"allow":["GET"]}}],"collection":[{"href":"https:\/\/www.vytvorenolaskou.cz\/index.php\/wp-json\/wp\/v2\/pages"}],"about":[{"href":"https:\/\/www.vytvorenolaskou.cz\/index.php\/wp-json\/wp\/v2\/types\/page"}],"author":[{"embeddable":true,"href":"https:\/\/www.vytvorenolaskou.cz\/index.php\/wp-json\/wp\/v2\/users\/1"}],"replies":[{"embeddable":true,"href":"https:\/\/www.vytvorenolaskou.cz\/index.php\/wp-json\/wp\/v2\/comments?post=312"}],"version-history":[{"count":2,"href":"https:\/\/www.vytvorenolaskou.cz\/index.php\/wp-json\/wp\/v2\/pages\/312\/revisions"}],"predecessor-version":[{"id":321,"href":"https:\/\/www.vytvorenolaskou.cz\/index.php\/wp-json\/wp\/v2\/pages\/312\/revisions\/321"}],"up":[{"embeddable":true,"href":"https:\/\/www.vytvorenolaskou.cz\/index.php\/wp-json\/wp\/v2\/pages\/332"}],"wp:featuredmedia":[{"embeddable":true,"href":"https:\/\/www.vytvorenolaskou.cz\/index.php\/wp-json\/wp\/v2\/media\/181"}],"wp:attachment":[{"href":"https:\/\/www.vytvorenolaskou.cz\/index.php\/wp-json\/wp\/v2\/media?parent=312"}],"wp:term":[{"taxonomy":"post_tag","embeddable":true,"href":"https:\/\/www.vytvorenolaskou.cz\/index.php\/wp-json\/wp\/v2\/tags?post=312"}],"curies":[{"name":"wp","href":"https:\/\/api.w.org\/{rel}","templated":true}]}}