{"id":308,"date":"2023-01-03T17:09:23","date_gmt":"2023-01-03T16:09:23","guid":{"rendered":"https:\/\/www.vytvorenolaskou.cz\/?page_id=308"},"modified":"2024-02-09T15:29:34","modified_gmt":"2024-02-09T14:29:34","slug":"marta-ondra","status":"publish","type":"page","link":"https:\/\/www.vytvorenolaskou.cz\/index.php\/svatebni-pribehy\/marta-ondra\/","title":{"rendered":"Mar\u0165a &amp;&nbsp;Ondra"},"content":{"rendered":"\n<p>Jako druh\u00fd fotograf jsem se mohl p\u0159idat na tuto kr\u00e1snou svatbu v&nbsp;Rakovn\u00edku pod pe\u010dlivou p\u0159\u00edpravou Catering Menzl, jejich\u017e t\u00fdm si s&nbsp;pl\u00e1nov\u00e1n\u00edm opravdu vyhr\u00e1l. Prvn\u00ed n\u00e1dhern\u00e1 lokace byl p\u0159\u00edrodn\u00ed ob\u0159ad v&nbsp;lese za m\u011bstem. Byl jsem zcela v&nbsp;\u00fa\u017easu z&nbsp;prosvituj\u00edc\u00edho slunce v&nbsp;prav\u00e9 poledne a&nbsp;focen\u00ed si n\u00e1ramn\u011b \u00fa\u017e\u00edval. Po dojemn\u00e9m ob\u0159adu jsme zhotovili p\u00e1r portr\u00e9tn\u00edch sn\u00edmk\u016f a&nbsp;p\u0159ejeli zp\u011bt do Rakovn\u00edka do vnit\u0159\u00edch prostor RM Praga. Po hostin\u011b jsme se pro\u0161li kolem rakovnick\u00e9ho n\u00e1m\u011bst\u00ed, kde jsme se mohli novoman\u017eel\u016fm pln\u011b v\u011bnovat.<\/p>\n","protected":false},"excerpt":{"rendered":"<p>Jako druh\u00fd fotograf jsem se mohl p\u0159idat na tuto kr\u00e1snou svatbu v&nbsp;Rakovn\u00edku pod pe\u010dlivou p\u0159\u00edpravou Catering Menzl, jejich\u017e t\u00fdm si s&nbsp;pl\u00e1nov\u00e1n\u00edm opravdu vyhr\u00e1l. Prvn\u00ed n\u00e1dhern\u00e1 lokace byl p\u0159\u00edrodn\u00ed ob\u0159ad v&nbsp;lese za m\u011bstem. Byl jsem zcela v&nbsp;\u00fa\u017easu z&nbsp;prosvituj\u00edc\u00edho slunce v&nbsp;prav\u00e9 poledne a&nbsp;focen\u00ed si n\u00e1ramn\u011b \u00fa\u017e\u00edval. Po dojemn\u00e9m ob\u0159adu jsme zhotovili p\u00e1r portr\u00e9tn\u00edch sn\u00edmk\u016f a&nbsp;p\u0159ejeli zp\u011bt do [\u2026]<\/p>\n","protected":false},"author":1,"featured_media":222,"parent":332,"menu_order":9,"comment_status":"closed","ping_status":"closed","template":"page_template_sidetop.php","meta":{"wp_typography_post_enhancements_disabled":false,"footnotes":""},"tags":[5],"class_list":["post-308","page","type-page","status-publish","has-post-thumbnail","hentry","tag-rm-praga-rakovnik"],"_links":{"self":[{"href":"https:\/\/www.vytvorenolaskou.cz\/index.php\/wp-json\/wp\/v2\/pages\/308","targetHints":{"allow":["GET"]}}],"collection":[{"href":"https:\/\/www.vytvorenolaskou.cz\/index.php\/wp-json\/wp\/v2\/pages"}],"about":[{"href":"https:\/\/www.vytvorenolaskou.cz\/index.php\/wp-json\/wp\/v2\/types\/page"}],"author":[{"embeddable":true,"href":"https:\/\/www.vytvorenolaskou.cz\/index.php\/wp-json\/wp\/v2\/users\/1"}],"replies":[{"embeddable":true,"href":"https:\/\/www.vytvorenolaskou.cz\/index.php\/wp-json\/wp\/v2\/comments?post=308"}],"version-history":[{"count":2,"href":"https:\/\/www.vytvorenolaskou.cz\/index.php\/wp-json\/wp\/v2\/pages\/308\/revisions"}],"predecessor-version":[{"id":320,"href":"https:\/\/www.vytvorenolaskou.cz\/index.php\/wp-json\/wp\/v2\/pages\/308\/revisions\/320"}],"up":[{"embeddable":true,"href":"https:\/\/www.vytvorenolaskou.cz\/index.php\/wp-json\/wp\/v2\/pages\/332"}],"wp:featuredmedia":[{"embeddable":true,"href":"https:\/\/www.vytvorenolaskou.cz\/index.php\/wp-json\/wp\/v2\/media\/222"}],"wp:attachment":[{"href":"https:\/\/www.vytvorenolaskou.cz\/index.php\/wp-json\/wp\/v2\/media?parent=308"}],"wp:term":[{"taxonomy":"post_tag","embeddable":true,"href":"https:\/\/www.vytvorenolaskou.cz\/index.php\/wp-json\/wp\/v2\/tags?post=308"}],"curies":[{"name":"wp","href":"https:\/\/api.w.org\/{rel}","templated":true}]}}

Marťa &amp;&nbsp;Ondra

<p>Jako druhý fotograf jsem se mohl přidat na tuto krásnou svatbu v&nbsp;Rakovníku pod pečlivou přípravou Catering Menzl, jejichž tým si s&nbsp;plánováním opravdu vyhrál. První nádherná lokace byl přírodní obřad v&nbsp;lese za městem. Byl jsem zcela v&nbsp;úžasu z&nbsp;prosvitujícího slunce v&nbsp;pravé poledne a&nbsp;focení si náramně úžíval. Po dojemném obřadu jsme zhotovili pár portrétních snímků a&nbsp;přejeli zpět do Rakovníka do vnitřích prostor RM Praga. Po hostině jsme se prošli kolem rakovnického náměstí, kde jsme se mohli novomanželům plně věnovat.</p>

<p>Jako druhý fotograf jsem se mohl přidat na tuto krásnou svatbu v&nbsp;Rakovníku pod pečlivou přípravou Catering Menzl, jejichž tým si s&nbsp;plánováním opravdu vyhrál. První nádherná lokace byl přírodní obřad v&nbsp;lese za městem. Byl jsem zcela v&nbsp;úžasu z&nbsp;prosvitujícího slunce v&nbsp;pravé poledne a&nbsp;focení si náramně úžíval. Po dojemném obřadu jsme zhotovili pár portrétních snímků a&nbsp;přejeli zpět do […]</p>
