{"id":11,"date":"2022-12-17T15:58:33","date_gmt":"2022-12-17T14:58:33","guid":{"rendered":"https:\/\/www.vytvorenolaskou.cz\/?page_id=11"},"modified":"2024-02-04T20:18:59","modified_gmt":"2024-02-04T19:18:59","slug":"svatebni-fotografie","status":"publish","type":"page","link":"https:\/\/www.vytvorenolaskou.cz\/index.php\/svatebni-fotografie\/","title":{"rendered":"svatebn\u00ed fotografie"},"content":{"rendered":"\n<p>Ka\u017ed\u00e1 svatba je jedine\u010dn\u00e1<br>a origin\u00e1ln\u00ed, a&nbsp;tak k&nbsp;n\u00ed i&nbsp;p\u0159istupuji.<\/p>\n","protected":false},"excerpt":{"rendered":"<p>Ka\u017ed\u00e1 svatba je jedine\u010dn\u00e1a origin\u00e1ln\u00ed, a&nbsp;tak k&nbsp;n\u00ed i&nbsp;p\u0159istupuji.<\/p>\n","protected":false},"author":1,"featured_media":593,"parent":0,"menu_order":3,"comment_status":"closed","ping_status":"closed","template":"page_template_side.php","meta":{"wp_typography_post_enhancements_disabled":false,"footnotes":""},"tags":[],"class_list":["post-11","page","type-page","status-publish","has-post-thumbnail","hentry"],"_links":{"self":[{"href":"https:\/\/www.vytvorenolaskou.cz\/index.php\/wp-json\/wp\/v2\/pages\/11","targetHints":{"allow":["GET"]}}],"collection":[{"href":"https:\/\/www.vytvorenolaskou.cz\/index.php\/wp-json\/wp\/v2\/pages"}],"about":[{"href":"https:\/\/www.vytvorenolaskou.cz\/index.php\/wp-json\/wp\/v2\/types\/page"}],"author":[{"embeddable":true,"href":"https:\/\/www.vytvorenolaskou.cz\/index.php\/wp-json\/wp\/v2\/users\/1"}],"replies":[{"embeddable":true,"href":"https:\/\/www.vytvorenolaskou.cz\/index.php\/wp-json\/wp\/v2\/comments?post=11"}],"version-history":[{"count":3,"href":"https:\/\/www.vytvorenolaskou.cz\/index.php\/wp-json\/wp\/v2\/pages\/11\/revisions"}],"predecessor-version":[{"id":33,"href":"https:\/\/www.vytvorenolaskou.cz\/index.php\/wp-json\/wp\/v2\/pages\/11\/revisions\/33"}],"wp:featuredmedia":[{"embeddable":true,"href":"https:\/\/www.vytvorenolaskou.cz\/index.php\/wp-json\/wp\/v2\/media\/593"}],"wp:attachment":[{"href":"https:\/\/www.vytvorenolaskou.cz\/index.php\/wp-json\/wp\/v2\/media?parent=11"}],"wp:term":[{"taxonomy":"post_tag","embeddable":true,"href":"https:\/\/www.vytvorenolaskou.cz\/index.php\/wp-json\/wp\/v2\/tags?post=11"}],"curies":[{"name":"wp","href":"https:\/\/api.w.org\/{rel}","templated":true}]}}